j - 25 = 17. Let h(x) = -11*x - 14. Let z be h(j). What is the greatest common factor of z and 13?
13
Suppose 5*y - 62*r - 13519 = -63*r, 3*r = -y + 2701. Calculate the greatest common divisor of y and 16.
16
Let r(k) = 12*k + 22. Let c be r(-1). What is the greatest common divisor of c and 74?
2
Let p be -449*3/(-8) - 21/56. Calculate the greatest common divisor of 10584 and p.
168
Suppose -14*u + 117 = -u - 0*u. Calculate the greatest common divisor of u and 516.
3
Let h(y) = 74*y + 473. Let c be h(-6). What is the greatest common factor of c and 841?
29
Suppose 34*o + 3003 - 14749 = 3146. What is the greatest common factor of 365 and o?
73
Let y(q) = -15*q + 30. Let b be y(2). Suppose b = -3*d + 4*l + 83, 5*l - 1 = -11. What is the highest common factor of d and 225?
25
Let r(d) = 4*d**2 - d - 2. Let y be r(-1). Suppose 4*f - 4 = y*f. Let t = f - 2. What is the highest common factor of t and 4?
2
Let f(x) = -5*x**3 - 60*x**2 + 6*x + 98. Let z be f(-12). Let s be 26/(-4)*2*-6. What is the greatest common factor of z and s?
26
Let b(k) = 50*k - 961. Let o be b(20). Calculate the highest common divisor of o and 1209.
39
Suppose -2*h = x - 158, 4*h = 357*x - 354*x - 444. What is the greatest common factor of 95 and x?
19
Suppose 3*z = 14*z - 110. Suppose -376 + 116 = -z*k. What is the greatest common divisor of k and 351?
13
Let k be 3/4*(77 + -1). Let p be (-342)/12*(-120)/90. What is the highest common divisor of k and p?
19
Let r(u) = 7*u**2 - 352*u + 107. Let p be r(50). Calculate the greatest common divisor of p and 5082.
7
Suppose 0 = -3*r - 2*y + 764, 0*r + 4*r + y = 1012. Let i = -1203 - -1266. Calculate the greatest common divisor of i and r.
63
Let i be (-1)/(2/2) - 37. Suppose -76*x - 2529 - 55 = 0. Let v = x - i. What is the greatest common divisor of v and 92?
4
Let y(o) = -184*o - 1467. Let z be y(-8). What is the greatest common divisor of z and 17?
1
Let s be (-7 - (-78)/18)/(2/(-6)). Let r be (s/(-76))/1 - 3048/(-76). What is the highest common divisor of 16 and r?
8
Suppose 125*i = -112*i + 6576750. Calculate the greatest common factor of i and 150.
150
Suppose 3*i - 28 = -4*i. Let h(f) = i*f**2 + 5*f + 4*f**2 - 3*f**2 - 9 - 4*f**2. Let y be h(-8). What is the greatest common factor of 5 and y?
5
Let i(k) = 94*k - 520. Let w be i(30). What is the highest common factor of w and 200?
100
Let n = -3691 - -3694. What is the highest common factor of n and 789?
3
Let s(x) = -3*x**2 - 2*x + 576. Let q be s(0). What is the greatest common divisor of 2624 and q?
64
Let c(g) = g**2 - g + 2. Let w be c(4). Let d(i) = 3*i + 19*i**2 + 19*i**2 + i - 16 - 36*i**2. Let k be d(3). Calculate the greatest common factor of k and w.
14
Suppose -h - 4 = -43. Let b = -132 - -262. Let s = b - 117. Calculate the greatest common factor of h and s.
13
Let c be 8/2 + 108 + 264/(-22). Calculate the greatest common divisor of c and 900.
100
Let m = -839 + 841. Suppose 511 + 99 = m*z. What is the greatest common factor of z and 244?
61
Suppose 135*k + 17446 = 157*k. What is the highest common factor of k and 91?
13
Let x(k) = -k**2 + 8*k - 8. Let i be x(6). Suppose i*q - 2*o - 136 = 3*o, 0 = -2*o + 8. What is the highest common factor of q and 351?
39
Suppose 0 = -3*d - 8 + 32. Suppose -d - 237 = -r. Let v be 56 + (-56)/24*3. What is the greatest common factor of r and v?
49
Let a(k) = 5*k**2 - 12*k - 2 + 11*k**2 + 2*k**2 - 19*k**2. Let r be a(-11). Let n be 124/3 + (-3)/r. Calculate the greatest common factor of 328 and n.
41
Let g(a) = 2*a**2 + a + 13. Let w be g(8). Suppose 0 = -12*y + w + 127. What is the greatest common factor of 713 and y?
23
Suppose 0 = -5*w - 2*q - 177, 1 = -q - 0*q. Let m(y) = y**3 + 35*y**2 - 4*y - 130. Let s be m(w). What is the greatest common factor of 55 and s?
5
Let q = 1681 + -1655. What is the greatest common factor of q and 949?
13
Let q = 194 + -112. Suppose 98 = 2*i - q. Suppose -2*b + 4*b = 20. Calculate the greatest common divisor of i and b.
10
Suppose 205*i - 635342 = -8862. What is the highest common divisor of i and 48?
16
Let m = 11344 + -11326. Suppose 0 = -2*k + 233 + 163. Calculate the greatest common factor of k and m.
18
Let h(w) = 285*w**2 + 9*w - 3. Let s be h(1). What is the greatest common factor of s and 1552?
97
Let i = -155 - -154. Let v be i/6*0 - -23. What is the greatest common divisor of 115 and v?
23
Let k = 65 + -17. Suppose -12 = 4*r - 12. Suppose 4*j = j + 2*a + 220, -5*j - 2*a + 356 = r. What is the highest common divisor of k and j?
24
Let d(q) = 2*q**3 - 22*q**2 + 36*q + 6. Let k be d(9). Let b be (-798 - 2)*(-3)/k. Calculate the highest common divisor of b and 25.
25
Let t be ((-72)/(-21))/(-8) + 6/14. Suppose -6*y + 37 + 65 = t. Suppose v - 57 + y = 0. What is the highest common divisor of 240 and v?
40
Let y = 759 + -250. Let b = y - 481. Calculate the highest common divisor of 154 and b.
14
Let w = -33 - -113. Let i = 164 - w. Suppose 5*b + 3*l - 7*l = 138, 3*b = 3*l + i. Calculate the greatest common factor of b and 2.
2
Let f be 514*(-9)/(-6) - (-42 - -37). Calculate the highest common factor of 194 and f.
194
Let m be 52/156 + (-4930)/(-6) - 8. What is the highest common factor of m and 222?
74
Let f = -211 - -265. Let u be 4 + (-2)/((-4)/f). Calculate the greatest common factor of 279 and u.
31
Suppose 0 = -24*m + 12*m + 360. Let j be (4/(-12))/((-4)/120). What is the highest common factor of m and j?
10
Let i(o) = -7*o**3 - 623*o**2 - 45*o - 353. Let s be i(-89). What is the greatest common factor of 4 and s?
4
Suppose -5*p + 10 = -5*o, -2*o + 4*o - 3*p = -6. Suppose -3*k + 0*k + 18 = o. Suppose -113 + 49 = -8*n. What is the greatest common factor of k and n?
2
Let o be 456 - ((-4)/(-54) + (-990)/243). Let h(u) = u**3 - u**2 - u + 5. Let a be h(3). What is the greatest common factor of o and a?
20
Suppose l = 5*w - 19 + 5, 3*w = 5*l - 18. Let k(x) = -x**3 + 7*x**2 - 7*x + 8. Let p be k(l). Let n = -6 - -13. Calculate the highest common divisor of p and n.
1
Let p = 13167 - 12777. What is the greatest common factor of p and 615?
15
Let j = 49 + 49. Let r = 170 + -100. Suppose 0 = 14*v - 9*v - r. Calculate the greatest common divisor of v and j.
14
Let v = -20 - -23. Let n(r) = r**3 + 3*r**2 - 9*r - 15. Let u be n(-4). Suppose 13 + u = v*i. Calculate the greatest common divisor of 2 and i.
2
Let l = 187 - 67. Let j be 0 + -6 - 104/(-20)*15. Calculate the greatest common divisor of l and j.
24
Suppose 0 = -4*r + 3*s + 23, -2*r + 0*s = -3*s - 19. Suppose 2*l - 113 - 41 = -4*t, 2*l = r*t + 154. Calculate the greatest common divisor of 7 and l.
7
Let t be 2392052/3140 - 3/5*3. Calculate the highest common factor of t and 285.
95
Suppose -x = -912*a + 914*a - 507, 0 = -3*a - 4*x + 778. Calculate the highest common divisor of 15250 and a.
250
Let k be 5*(50 + -3) + -3. Let g be (2/(-10))/((-149)/21605). What is the highest common divisor of k and g?
29
Suppose -4*c = 5*a - 2*a - 4911, c = 5*a + 1245. What is the highest common factor of c and 70?
10
Let p = -1 - -6. Let u be -123*(4/84 + 4/14). Let v be 1/(u/(-10) - 4). Calculate the highest common factor of v and p.
5
Let n(x) = 31*x - 171. Let l be n(15). Let p = l - 268. What is the greatest common factor of p and 247?
13
Suppose 334*l = 306*l + 15540. What is the highest common factor of l and 3441?
111
Suppose 26*k - 8091 = -45*k - 22*k. Calculate the greatest common divisor of k and 14181.
87
Let k be -1 - (1432/(-2148))/(1 + 223147/(-223149)). Calculate the highest common factor of 161 and k.
161
Let p be (-6)/15 + 4401/15. Suppose p = 18*f - 31. Calculate the greatest common factor of 4 and f.
2
Let m = 8961 - 2886. Calculate the highest common factor of 2250 and m.
225
Let o be (-50)/15*(-27)/6. Suppose 3 + 2 = -5*k, -5*g - 5*k + 2310 = 0. Suppose -5*p = -212 - g. Calculate the highest common factor of p and o.
15
Suppose 29*t = 14*t + 315. Suppose -11*n - 550 = -t*n. Calculate the greatest common divisor of n and 121.
11
Let i(x) = 258*x + 2361. Let b be i(-8). What is the greatest common divisor of b and 627?
33
Suppose -69 = -2*m - 3*g, 4*m - 3*g = -0*m + 93. Suppose 5*r - 10 = 0, -m = l - 6*l - r. Let b = -4710 - -4725. Calculate the greatest common factor of l and b.
5
Let l(d) = 9*d + 3 + 3 + 17 + 1. Let k be l(16). What